m = 360 + h. Is m composite?
True
Is (-11 - 4) + (-3358240)/(-20) a composite number?
True
Suppose 16*i = -19*i + 796495. Is i a composite number?
True
Let o be -2 + (-8)/(-1) + -3. Suppose 2332 = q - r, o*q + 2*r - 6997 = 4*r. Is q a composite number?
False
Suppose 20 = 4*u - 2*f, -5*u + 5*f - 2 + 37 = 0. Let l(v) = 303*v**3 - 3*v**2 - v + 8. Is l(u) composite?
True
Is 29432 + -18 + (10 - 1) composite?
False
Let y(k) = 2*k**3 + 3*k**2 - 4*k - 3. Let a be y(-3). Let r be a/45 - 24/(-10). Let j(m) = 173*m**2 + 4*m + 1. Is j(r) a composite number?
False
Let t be ((-3354)/(-9))/(2/24). Let n = t - 1003. Suppose -4*q = 12, -5*m + n + 9529 = -q. Is m a prime number?
False
Let v(m) = 42 - 445*m + 125*m**2 - 47 + 444*m. Suppose 0 = -3*n + 3*p + 21, -n - p + 4*p = -15. Is v(n) composite?
False
Suppose 7*g - 18 + 4 = 0. Let p(i) = 2024*i - 3. Is p(g) a composite number?
True
Let i = 852 - -2145. Suppose -u + 1654 = -i. Is 0 + u/9 + 4/18 a prime number?
False
Let w(l) = -l**3 - 13*l**2 + 29*l - 21. Let j be w(-15). Is -12574*(-5 + 8)/j a prime number?
True
Suppose 73*r - 89*r + 4910624 = 0. Is r composite?
True
Let p = -1261 - -7433. Let n = -2 + 6. Suppose -3*i = i, p = 4*h - n*i. Is h a composite number?
False
Suppose 2*j = -2*t - 116, t - 70 = 2*t + 5*j. Let a = 49 + t. Is 560 + ((-4)/a - 44/12) a prime number?
True
Suppose 16*k - 884848 + 131440 = 694096. Is k prime?
True
Let l(o) be the third derivative of 31*o**6/40 + o**5/15 - o**4/24 - o**3/2 + 5*o**2. Let q(r) = -r**3 + 6*r**2 - 3*r - 8. Let f be q(5). Is l(f) composite?
True
Let l(f) be the second derivative of -f**5/20 - f**4/12 - 11*f**3/6 - 7*f**2/2 + 5*f. Let p be l(9). Let d = -343 - p. Is d a composite number?
True
Let q = 615425 + -347206. Is q a prime number?
False
Let d be (-19 - -12)*(-1)/((-7)/(-2)). Let z be ((-60)/16)/(d/2872 + 0). Is z/(-20) + (-1)/4 a composite number?
False
Suppose 0 = -1009*j + 1160*j - 147939079. Is j a composite number?
True
Suppose 3*f + 4*s - 15121 = -0*f, 0 = 3*f + 3*s - 15126. Let o be f/14 - (-1)/2. Suppose -4*k = 45 - o. Is k a prime number?
True
Let x(m) = 595*m - 15. Let z(q) = 297*q - 7. Let j = 2 - -5. Let w(v) = j*z(v) - 4*x(v). Is w(-3) a prime number?
False
Is (225187 - -135)*(1 - (-3)/(-6)) prime?
False
Let x = 124344 + 36911. Is x composite?
True
Let y = 148 - 103. Let j = 45 - y. Suppose -3*q - 3*k = -q - 958, j = -k - 4. Is q a prime number?
False
Let w(h) = h**2 - 6*h - 7. Let f = 0 + -2. Let z be w(f). Suppose -z*x + 1191 + 4488 = 0. Is x prime?
True
Let x be (-3)/(-4)*-18*(5 + -7). Let v = 27 - x. Suppose v = 12*t - 2004 + 48. Is t a composite number?
False
Suppose 0 = 26*r - 25*r + 970. Let b = 4752 - r. Is b composite?
True
Let r(l) = -6*l + 14. Let k(v) = -5*v + 14. Let h(q) = 3*k(q) - 2*r(q). Let b be h(3). Let d = 134 + b. Is d a prime number?
True
Suppose 106392 = 30*t - 4*t. Let l = t + -2131. Is l prime?
False
Suppose -3*v - q + 15 = 0, 12 = 5*v + 4*q - 13. Suppose 5*a + p = 2246 + 5298, v*a - 7550 = 5*p. Suppose 41 = -4*t + a. Is t a prime number?
True
Suppose 4*w + 5*r = 55326, -22*w + 2*r - 55320 = -26*w. Is w composite?
False
Let q be -1 + (-228)/(-9) + (-1)/3. Suppose q = -3*j + 1353. Suppose -j = -5*y + 4*y. Is y a prime number?
True
Let t(w) = -2*w**2 - 7*w + 32. Let r be t(-6). Suppose 5429 = r*v + 3*p, -5*v + 3*v - p = -5439. Is v a composite number?
True
Suppose -2*s + 4*v - 28159 + 102945 = 0, -4*s - 5*v = -149637. Is s composite?
True
Let f = -6403 - -82630. Is f prime?
False
Let k be (-3 - -2*1)*(-42)/(-7). Let l(a) = -889*a - 37. Is l(k) composite?
False
Let m(v) = 8200*v - 1317. Is m(10) a prime number?
True
Let m(r) = -262*r**3 + 22*r**2 - 6*r - 23. Is m(-9) a prime number?
True
Let z(r) = -25*r - 75. Let a be z(-3). Suppose -m + 29*m - 13132 = a. Is m a composite number?
True
Suppose 3*y = -6535 + 1864. Let n = -2056 - -4520. Let v = y + n. Is v prime?
True
Let j(i) = -i**3 - 2*i**2 + 11*i - 4. Let h be j(4). Let k = h + 61. Suppose -4*d - 216 = 5*y - 922, 0 = -k*d + 4*y + 903. Is d prime?
True
Suppose 0 = 71*s - 70*s - 3*j - 42037, -2*s = -j - 84074. Is s composite?
True
Suppose 0 = 2*s - 3*c + 7667, 0 = 5*s - 10*c + 14*c + 19179. Let i = 6066 + s. Is i a composite number?
True
Let c be (-5)/((-45)/51276)*-3. Let n = -11363 - c. Is n a prime number?
False
Let k(d) = d**2 - 19*d - 2. Let m be k(19). Is m - (3 - 13)*510/4 a prime number?
False
Suppose -44053102 = 106*k - 228*k. Is k prime?
True
Let g(h) = h**3 + 13*h**2 + h + 11. Let u be 388/(-44) + (4/11)/(-2). Let w be g(u). Let m = 933 + w. Is m composite?
False
Let k = -1618 + 3671. Suppose -i = -2*j + 4106, j + 4*i - k = 6*i. Is j composite?
False
Suppose -4*r + 140 - 108 = 0. Suppose v + r*v - 8460 = 0. Suppose -4*z - y = -1875, -2*y - v = z - 3*z. Is z prime?
False
Suppose 0 = -i + 4*y + 71563, -2*i + 27396 = -y - 115737. Is i composite?
True
Let a = -43 + 48. Suppose 4*m + 606 = 2*u, 4*u - a*u + m = -298. Is u prime?
True
Suppose -69*p + 4*w = -64*p - 765783, 0 = -p + 2*w + 153159. Is p composite?
True
Let h(l) be the second derivative of 5*l**6/18 + 9*l**5/40 - l**4 - 3*l. Let d(i) be the third derivative of h(i). Is d(5) composite?
True
Let m be (5 - -8) + (-10)/2. Let f be (0 - 6)*7/(-21). Is (1084/m + -4)*f a prime number?
True
Let r = 1039728 + -610645. Is r composite?
False
Let r = 86 - 4. Suppose -v + 4*f + 393 = 0, -1305 = -3*v + f - r. Is v a prime number?
True
Let l be 9 - 9 - 58/((-2)/(-1)). Let h = -22 - l. Let o(a) = a**3 - 3*a**2 + 2*a - 19. Is o(h) composite?
False
Suppose -563939 = -2*g + 3*k, 11*k + 563943 = 2*g + 12*k. Is g a composite number?
False
Let r(k) = -37*k - 28. Let z(y) = 3*y. Let l(m) = r(m) + 2*z(m). Is l(-9) a prime number?
True
Let m = 1480 - 77. Suppose 0*y + y = 2*d - 1331, 3*y = 3*d - 2001. Let g = m - d. Is g a prime number?
True
Let s = -162716 - -380275. Is s composite?
False
Let h(z) = -270664*z + 10549. Is h(-20) a prime number?
False
Let i(j) = 5*j**3 + 9*j**2 + 8*j + 62. Let d be i(11). Let b = d - 1796. Is b prime?
False
Let l be 50/(-4)*28/(-35). Let z(r) = 7*r**3 - 24*r - 21 - 15*r**2 - 33*r + 60*r. Is z(l) composite?
True
Let p(j) = 118*j**2 + 292*j - 85. Is p(35) composite?
True
Suppose a + 8*a + 5*a - 994574 = 0. Is a a prime number?
False
Is ((-121)/33)/(-11)*71607 composite?
False
Let d be -63 - (-3 + 1)*1/(-2). Let g = d - -73. Is g prime?
False
Is 19*(-54)/(-5643) + (-8967658)/(-22) composite?
False
Is (2/(-5))/(606/(-505))*1999797 a composite number?
False
Suppose 0 = -h - 4, 3*q + 3*h - 89 = 8*h. Suppose -4*b - 5*m + q = 0, m + m = -4*b + 38. Is 2362/(-3)*(-18)/b a composite number?
False
Let i(y) = 239*y - 586. Let x(r) = -60*r + 147. Let z(s) = -2*i(s) - 9*x(s). Is z(25) prime?
True
Let u = 1554301 + -806808. Is u a composite number?
False
Let b(p) = 39*p**2 - 21*p + 7. Let q(f) = 39*f**2 - 19*f + 8. Let y(j) = 3*b(j) - 2*q(j). Is y(6) prime?
True
Let r(p) = -p**3 + 20*p**2 + 29*p - 31. Suppose 3 = 6*h - 57. Is r(h) a prime number?
True
Let u be 0 - (-9 + 1)/(-4). Let q be 6/14 + 3/14*u. Suppose -4*n + 420 = 3*p + 43, q = 2*p - n - 255. Is p a prime number?
True
Suppose -19*y + 3775996 = -958633. Is y prime?
False
Suppose 4*g + 0*p - 6 = p, 3*g + 4 = 5*p. Suppose -5*h + 2240 + 21261 = g*m, 4*h + 3*m - 18805 = 0. Is h a composite number?
True
Is ((-659)/3)/((-6)/27)*38/57 composite?
False
Let y be (4 - 2) + -1118 + 0. Is 0/(1 + -3) + (65 - y) prime?
True
Let o be (345/9)/1 - 3/9. Let r = o - 34. Suppose -g + 3*x + 101 = -81, 755 = r*g - 3*x. Is g a prime number?
True
Let b(l) = 21 - 4*l**2 + 4*l**3 + 8*l - 2*l**3 + 12*l - 8*l**2. Is b(14) composite?
True
Suppose -149*u - 56 = -163*u. Suppose 0*k = -4*k + 11508. Suppose -u*b = -b - k. Is b prime?
False
Let x(l) = 21*l**3 + 3*l**2 + 2*l - 4. Let a be x(1). Is (2/(-3))/(a/(-18249)) prime?
False
Let i(j) = -j**2 - 18*j + 7. Let x be i(-17). Suppose x - 4 = -5*v. Is 97/(-1 + v/(-3)) composite?
True
Let t(d) = 23*d + 1. Let l be t(4). Suppose -189*j + 10 = -191*j, -4*a - j - 17 = 0. Is (-29)/1*l/a a composite number?
True
Suppose -12*j = -6*j - 558. Let o = j + -89. Suppose d + 3*p - 217 = 0, d + 4*p = o*d - 677. Is d composite?
False
Let z be 1/1*4/(-1). Let s(n) be the third derivative of -n**6/30 - n**5/15 - n**4/8 + 7*n**3/6 - 20*n**2 - 2. Is s(z) 